22?
59
Calculate the remainder when 969366 is divided by 17291.
1070
What is the remainder when 10832094 is divided by 164?
58
What is the remainder when 562231 is divided by 448?
439
What is the remainder when 63114452 is divided by 63114449?
3
What is the remainder when 2776120 is divided by 112?
88
What is the remainder when 75961797 is divided by 8100?
8097
What is the remainder when 391876379 is divided by 84?
83
What is the remainder when 95016672 is divided by 23754160?
32
Calculate the remainder when 167556 is divided by 83469.
618
Calculate the remainder when 167337037 is divided by 845.
842
Calculate the remainder when 5824714 is divided by 10552.
10
Calculate the remainder when 3040250 is divided by 506700.
50
What is the remainder when 202625 is divided by 350?
325
Calculate the remainder when 198304399 is divided by 312.
7
Calculate the remainder when 3294364 is divided by 12919.
19
What is the remainder when 368417 is divided by 9957?
8
Calculate the remainder when 5867916 is divided by 533446.
10
Calculate the remainder when 91121 is divided by 65.
56
What is the remainder when 15761701 is divided by 1970212?
5
Calculate the remainder when 355312 is divided by 355311.
1
What is the remainder when 74852303 is divided by 119?
113
What is the remainder when 16044569 is divided by 81?
8
Calculate the remainder when 7117740 is divided by 113.
96
What is the remainder when 3387602 is divided by 58?
54
Calculate the remainder when 15927 is divided by 399.
366
Calculate the remainder when 3547070 is divided by 538.
36
Calculate the remainder when 86631 is divided by 913.
809
What is the remainder when 126843055 is divided by 297?
295
Calculate the remainder when 340085 is divided by 68.
17
What is the remainder when 2825055 is divided by 85?
80
What is the remainder when 342664 is divided by 171323?
18
What is the remainder when 529841 is divided by 1596?
1565
Calculate the remainder when 10398 is divided by 293.
143
Calculate the remainder when 19782766 is divided by 1023.
1015
Calculate the remainder when 1729611 is divided by 20348.
31
Calculate the remainder when 99754 is divided by 551.
23
What is the remainder when 135808 is divided by 27089?
363
What is the remainder when 1996949 is divided by 24353?
3
What is the remainder when 1274959 is divided by 144?
127
Calculate the remainder when 553462 is divided by 2306.
22
What is the remainder when 6591170 is divided by 7550?
20
Calculate the remainder when 1184911 is divided by 10579.
63
Calculate the remainder when 295853 is divided by 19709.
218
What is the remainder when 363579 is divided by 181582?
415
What is the remainder when 857873 is divided by 1117?
17
Calculate the remainder when 14686648 is divided by 1049045.
18
What is the remainder when 553970 is divided by 12305?
245
Calculate the remainder when 3320165 is divided by 3320145.
20
Calculate the remainder when 5772361 is divided by 26.
23
Calculate the remainder when 1372399 is divided by 222.
217
Calculate the remainder when 5115298 is divided by 1278819.
22
What is the remainder when 158255 is divided by 67?
1
Calculate the remainder when 62573 is divided by 978.
959
Calculate the remainder when 1844380 is divided by 74.
4
What is the remainder when 227364029 is divided by 113682013?
3
Calculate the remainder when 1653144 is divided by 765.
744
Calculate the remainder when 265704 is divided by 6480.
24
Calculate the remainder when 512808 is divided by 24300.
2508
What is the remainder when 119389919 is divided by 26?
25
Calculate the remainder when 1850682 is divided by 66039.
1590
Calculate the remainder when 203106224 is divided by 52.
48
Calculate the remainder when 264885 is divided by 1014.
231
What is the remainder when 715351 is divided by 7606?
387
What is the remainder when 3514601 is divided by 3514255?
346
What is the remainder when 1226335 is divided by 613165?
5
Calculate the remainder when 2827675 is divided by 389.
34
What is the remainder when 177712625 is divided by 273?
272
What is the remainder when 125556417 is divided by 219?
213
Calculate the remainder when 574986 is divided by 2673.
291
What is the remainder when 90821920 is divided by 17?
15
What is the remainder when 112386 is divided by 3379?
879
What is the remainder when 2414049 is divided by 1420?
49
What is the remainder when 7675179 is divided by 397?
375
What is the remainder when 338914 is divided by 10?
4
What is the remainder when 17198144 is divided by 5732452?
788
Calculate the remainder when 1905616 is divided by 1180.
1096
Calculate the remainder when 21572890 is divided by 7190946.
52
Calculate the remainder when 234979 is divided by 2117.
2109
What is the remainder when 3837530 is divided by 4311?
740
Calculate the remainder when 39710 is divided by 35204.
4506
What is the remainder when 224397 is divided by 1284?
981
What is the remainder when 25639864 is divided by 161257?
1
What is the remainder when 17220838 is divided by 364?
362
What is the remainder when 124946422 is divided by 472?
470
Calculate the remainder when 214232 is divided by 768.
728
What is the remainder when 452643 is divided by 7072?
35
What is the remainder when 790341 is divided by 790249?
92
Calculate the remainder when 277891 is divided by 291.
277
Calculate the remainder when 44711 is divided by 1355.
1351
Calculate the remainder when 312732 is divided by 62437.
547
What is the remainder when 11855223 is divided by 202?
45
What is the remainder when 179196 is divided by 179170?
26
Calculate the remainder when 74091 is divided by 88.
83
What is the remainder when 1371733 is divided by 457234?
31
Calculate the remainder when 445060 is divided by 17.
0
What is the remainder when 133782 is divided by 133667?
115
Calculate the remainder when 4168730 is divided by 20843.
130
What is the remainder when 10107036 is divided by 362?
358
What is the remainder when 13990338 is divided by 16?
2
What is the remainder when 1757448 is divided by 261?
135
Calculate the remainder when 110104282 is divided by 3.
1
Calculate the remainder when 57876517 is divided by 334.
329
What is the remainder when 5876010 is divided by 172?
146
Calculate the remainder when 45053 is divided by 3738.
197
Calculate the remainder when 7570166 is divided by 35209.
231
What is the remainder when 41578 is divided by 10389?
22
Calculate the remainder when 44179890 is divided by 37.
3
What is the remainder when 60015487 is divided by 6001547?
17
What is the remainder when 176011 is divided by 291?
247
What is the remainder when 20043643 is divided by 18?
13
What is the remainder when 87160054 is divided by 78?
46
What is the remainder when 1367778 is divided by 257?
24
Calculate the remainder when 3041916 is divided by 7701.
21
Calculate the remainder when 2877965 is divided by 143898.
5
Calculate the remainder when 650293 is divided by 1187.
1004
What is the remainder when 38175813 is divided by 4076?
4073
Calculate the remainder when 47717945 is divided by 5202.
5201
What is the remainder when 5329643 is divided by 565?
563
What is the remainder when 10461944 is divided by 3231?
3197
What is the remainder when 94981 is divided by 1633?
267
Calculate the remainder when 15492903 is divided by 169.
166
Calculate the remainder when 281668207 is divided by 378.
373
Calculate the remainder when 17865 is divided by 5544.
1233
What is the remainder when 24838995 is divided by 563?
561
Calculate the remainder when 679667828 is divided by 20.
8
What is the remainder when 36744 is divided by 18315?
114
What is the remainder when 6195574 is divided by 388?
378
Calculate the remainder when 24091851 is divided by 8030606.
33
What is the remainder when 171165 is divided by 100?
65
What is the remainder when 2275033 is divided by 57?
49
What is the remainder when 195413 is divided by 93817?
7779
What is the remainder when 4257426 is divided by 455?
446
What is the remainder when 60803 is divided by 8529?
1100
What is the remainder when 112063 is divided by 55753?
557
Calculate the remainder when 591155 is divided by 147770.
75
Calculate the remainder when 102306 is divided by 51124.
58
Calculate the remainder when 300633 is divided by 428.
177
What is the remainder when 489816 is divided by 484?
8
Calcu